 + j = d. What are the prime factors of d?
2
Suppose 2*h + 93 = 3*h. Let n be (-4)/((-12)/h) + -2. Suppose 9 - n = -2*v. What are the prime factors of v?
2, 5
Let f = 10 + -21. Let q(v) = v**3 + 12*v**2 + 7*v + 4. List the prime factors of q(f).
2, 3
Let u be 5 + (-3)/(6/4). Let f = 0 + u. What are the prime factors of f?
3
Let m(f) = -3*f**3 + 2*f - 1. Let l be m(1). List the prime factors of 1/(l - (-7)/3).
3
List the prime factors of 246/6*5 + 0.
5, 41
Let w(r) = -21*r + 2. Let m be w(-2). Suppose 2*a - m = 6*a. Let b = a - -19. What are the prime factors of b?
2
Let k(i) = 13*i**2 + i - 3. List the prime factors of k(-2).
47
List the prime factors of 1/3*(5 + 328).
3, 37
Let y(b) = b**2 - 7*b - 5. Let j be y(8). Suppose 9 = -j*g + 6*g. Suppose 0 = -g*u + 9. What are the prime factors of u?
3
Suppose 5*x + 46 - 138 = 4*k, 0 = -2*x - k + 29. What are the prime factors of 3/9 + x/6?
3
Let f be 4/18 + (-44)/36. Let g be (1 + 1 + f)*16. List the prime factors of (-12)/g - 47/(-4).
11
Suppose -o = -0*o - 65. Suppose 0 = 3*z - d + 4*d - 21, 4*z - 3*d = 7. Suppose z*p = -p + o. List the prime factors of p.
13
Suppose h + 5 = 5*i - 3*i, 4*h - 28 = -4*i. Suppose a + 3*m - 1 + 4 = 0, -3*m = 5*a + 3. Suppose -i*z + z + 63 = a. What are the prime factors of z?
3, 7
Suppose 203 + 47 = 5*c. List the prime factors of c.
2, 5
Let m(b) = -b**2 + 5*b - 3. Let a be m(3). Suppose 44 = 3*o + 4*j, -o = -a*j + 1 - 7. What are the prime factors of o?
2, 3
Let j(f) = f**2 + 8*f - 7. Let h be j(-9). Let m(l) = -l + 4. List the prime factors of m(h).
2
Suppose 5*d = 3*l + 503, 0 = 4*l - 25 + 9. Suppose -2*i + 5*i - d = -5*k, -64 = -3*k - 4*i. What are the prime factors of k?
2, 5
Suppose 0 = -5*k - 1070 - 1890. What are the prime factors of k/(-14) - 6/21?
2, 3, 7
What are the prime factors of (3*4)/(80/1080)?
2, 3
Let m(v) = -v**3 + 10*v**2 - v - 9. What are the prime factors of m(9)?
3, 7
Let o(c) = -c + 1. Let w(t) = -4*t - 1. Let i(s) = s**2 - 3*s - 2. Let f be i(3). Let u(m) = f*o(m) + w(m). List the prime factors of u(-4).
5
Suppose -5*r = -135 - 165. What are the prime factors of r?
2, 3, 5
Suppose -5*r + 13 = 4*u, -15 = u - 4*u - 2*r. Let g = u + -4. What are the prime factors of ((-5)/g)/((-1)/3)?
5
Suppose 0 = -0*j - 5*j - o - 46, 0 = 2*j + 5*o. Let n be (j/(-25))/((-2)/(-10)). Suppose -3*m + 37 = 4*s + n*m, -3*s + 23 = -m. List the prime factors of s.
2
Let n(y) = 4*y - 3. Let r = -3 + 9. Let h be n(r). Suppose -61 + h = -5*z. What are the prime factors of z?
2
Suppose j - s + 12 = 4*s, 2*j = -2*s + 24. What are the prime factors of j?
2
List the prime factors of (-3 + -16 - -1)/(-1).
2, 3
Suppose 3*p + 4*m = 6*p + 75, -5*m = -p - 36. What are the prime factors of 6/(-21) + (-426)/p?
2, 5
Let b(m) = 3*m + 10. What are the prime factors of b(9)?
37
List the prime factors of (-3)/(-18) - (-212)/24.
3
Let f(a) = -a - 1. Let q be f(2). What are the prime factors of (5 + q)/(2/5)?
5
Suppose 0 = -5*r - 61 + 211. List the prime factors of r.
2, 3, 5
Let b = -65 - -117. Suppose -4*n + b = -0*n. What are the prime factors of n?
13
Let m = 334 + -182. List the prime factors of m.
2, 19
Let o be 4/6 - (-784)/12. Let n = 11 + o. Suppose 5*l - n = -17. List the prime factors of l.
2, 3
Suppose -2*a + i + 2*i = -12, -a - i - 4 = 0. Suppose 2*m - 3 = 4*y + 19, 5*m - y - 28 = a. Let w = m + -3. List the prime factors of w.
2
List the prime factors of (633/(-6) + -1)*(-8)/12.
71
What are the prime factors of 180/(-24)*(-2 - 24)?
3, 5, 13
What are the prime factors of 251/5 - (1 + 16/(-20))?
2, 5
Let s be (-2 - -1)/((-1)/(-6)). Let t be ((-4)/s)/(4/(-42)). Let i = t + 10. List the prime factors of i.
3
What are the prime factors of 818/8 - (28/16)/7?
2, 3, 17
Let y be (-3)/((9/(-2))/3). Suppose 42 = m + y*m. Suppose -s + m = s. List the prime factors of s.
7
Let d = -5 + 90. What are the prime factors of d?
5, 17
Let g be 172/14 - 4/14. Let r(o) = -7 - 5*o**3 + 4*o**3 - 3*o + 5*o + 12*o**2. What are the prime factors of r(g)?
17
Let c(n) be the third derivative of -n**4/24 - 5*n**3/6 + 2*n**2. List the prime factors of c(-7).
2
Suppose -25 = -5*u - 0*u. Suppose -29 = -y - 5*x, 2*x - u = y + 1. What are the prime factors of y?
2
Let n = 59 + -18. What are the prime factors of n?
41
Suppose -2*z - 54 = -366. List the prime factors of z.
2, 3, 13
Suppose -3*s + 8*s - 45 = 0. Let f = -4 + s. Suppose -59 = -f*l - 24. List the prime factors of l.
7
Let i(k) = 18*k**2 + 5. What are the prime factors of i(2)?
7, 11
Let x = -25 - -61. Let a = -14 + x. What are the prime factors of a?
2, 11
Let g(r) = r**2 + r - 5. Suppose 5*v - 2*v + 12 = 0. List the prime factors of g(v).
7
Let m be ((-216)/(-16))/(2/(-4)). What are the prime factors of (40/30)/((-2)/m)?
2, 3
Let m(t) = -3*t. Let b be 1 + (-3 - -15)/(-2). What are the prime factors of m(b)?
3, 5
Let r(n) = 0*n - 1 + 4*n + 2*n. Let k be r(-2). Let a = 19 + k. List the prime factors of a.
2, 3
Suppose -17*v = -13*v - 20. Let w be (-2)/((-1)/((-4)/(-2))). Suppose v*r = -4*j + 7 - 2, -w*j + 35 = -5*r. What are the prime factors of j?
5
Let u(g) = -g**2 - 9. Let s be u(0). Let b be 87/s + 4/6. Let x(a) = -2*a - 6. List the prime factors of x(b).
2, 3
Let z(y) be the first derivative of y**4/4 + 2*y**3/3 - 3*y**2/2 - 8. Let x be 3/(3*(-2)/(-4)). What are the prime factors of z(x)?
2, 5
Let w(s) = s**2 + 3. Let l be w(0). Let a = 12 - l. What are the prime factors of a?
3
Suppose 4*k - 3*w = 108, 3*k - 3*w + 0*w - 81 = 0. List the prime factors of k.
3
Suppose 101 + 451 = 4*s. What are the prime factors of s?
2, 3, 23
Suppose -4*u = -3*c - 26, -2*c = -4*u - 5*c + 14. Let h(o) = 4 - u + 2*o + 2 + o**2. List the prime factors of h(-3).
2
Let u be (-1 + -3)/((-6)/(-24)). What are the prime factors of 3 - (2 - 0) - u?
17
Let s(c) be the first derivative of c**3/3 + c**2/2 + 1. Let i be s(1). Suppose 0 = -2*x - i*x + 12. List the prime factors of x.
3
Let q(u) = -u**2 - 10*u - 6. List the prime factors of q(-7).
3, 5
Suppose -4*v + 3*n = -2*n - 677, 2*v - 2*n = 340. What are the prime factors of v?
173
Suppose -5*h = -0*h - 80. Suppose -2*q - 2*q = h. Let y = 9 - q. What are the prime factors of y?
13
Let z(r) = -17*r + 1. List the prime factors of z(-2).
5, 7
Suppose 4 + 2 = g. Let z(j) = -j + 7 + 2 + g. What are the prime factors of z(0)?
3, 5
Let f(o) be the third derivative of -o**4/24 - o**3/2 + o**2. Let t be f(-5). Suppose 4*k + 4*l = 3*l + 22, 0 = t*l - 4. List the prime factors of k.
5
Let t be 38/4*8*1. Suppose 4*w = -4*n + t, 0 = 2*w + 3*w + n - 111. Suppose 2*g - w = -1. List the prime factors of g.
11
Let u(w) = w**3 + 6*w**2 - 8*w. Let f be u(-7). Let k = 16 + -6. Suppose f*n = 2*n + k. What are the prime factors of n?
2
Let r(w) = 16*w + 5. What are the prime factors of r(5)?
5, 17
Let i be (66/(-9))/(2/(-3)). Let v = i - 8. Let m = 2 + v. What are the prime factors of m?
5
Let r(j) = 0 + 3 + 2*j**2 - j**2. Let q be -1*(2 - (-2)/2). List the prime factors of r(q).
2, 3
Let c(n) = n**2 + 4*n + 2. Let l be c(-4). Suppose 0 = -x - 2*g + g, l*g + 16 = 2*x. Suppose 27 = x*q - q. What are the prime factors of q?
3
Suppose y - v = -4*v - 10, -y - 4*v - 15 = 0. What are the prime factors of (10/6)/(y/15)?
5
Let q(j) be the second derivative of -13*j**3/6 - 5*j**2/2 - j. Let b be q(-4). Suppose 7*z - b = 2*z + 4*g, 2*z - g - 17 = 0. List the prime factors of z.
7
What are the prime factors of 8/(-28) + (-212)/(-7)?
2, 3, 5
Let k(q) = -q**2 + 15*q - 14. Let x be k(14). Let z be (-54)/(-7) + (-6)/(-21). Suppose x = -0*w + 4*w - z. List the prime factors of w.
2
Let s(t) = -10*t + 4. Let o be s(-4). Suppose 4 = b - 2*q, -o = -0*b - 5*b + 4*q. What are the prime factors of b?
2, 3
Let s(t) = t**2 - 7*t + 11. List the prime factors of s(8).
19
Suppose v - 3*b + 10 = -5, 25 = 2*v + 5*b. Let d be 7*(v - 3/(-1)). What are the prime factors of 122/14 + 6/d?
3
Let o(c) = c**2 - 2*c + 232. What are the prime factors of o(0)?
2, 29
Let i be (-3)/(-4 - -1)*3. Suppose -i*w + g + 9 = -2*g, -5*g - 3 = w. Suppose -w = -2*f + 6. List the prime factors of f.
2
Let z(x) = 4*x - 6 - 2*x + 0*x. List the prime factors of z(4).
2
Let y = 104 - 56. What are the prime factors of y?
2, 3
Suppose 2*r = -5*s + 11 + 2, 12 = 5*s + 3*r. Suppose s*w - 36 = f - 3*f,